{"version":"1.0","provider_name":"dokdoc.eu","provider_url":"https:\/\/dokdoc.eu\/fr\/","author_name":"RochowMedienagentur","author_url":"https:\/\/dokdoc.eu\/fr\/author\/rochowmedienagentur\/","title":"Les relations franco-allemandes m\u00e9ritent mieux que cela ! - dokdoc.eu","type":"rich","width":600,"height":338,"html":"<blockquote class=\"wp-embedded-content\" data-secret=\"HNYr0PW84l\"><a href=\"https:\/\/dokdoc.eu\/fr\/2024\/05\/14\/les-relations-franco-allemandes-meritent-mieux-que-cela\/\">Les relations franco-allemandes m\u00e9ritent mieux que cela !<\/a><\/blockquote><iframe sandbox=\"allow-scripts\" security=\"restricted\" src=\"https:\/\/dokdoc.eu\/fr\/2024\/05\/14\/les-relations-franco-allemandes-meritent-mieux-que-cela\/embed\/#?secret=HNYr0PW84l\" width=\"600\" height=\"338\" title=\"\u00ab\u00a0Les relations franco-allemandes m\u00e9ritent mieux que cela !\u00a0\u00bb &#8212; dokdoc.eu\" data-secret=\"HNYr0PW84l\" frameborder=\"0\" marginwidth=\"0\" marginheight=\"0\" scrolling=\"no\" class=\"wp-embedded-content\"><\/iframe><script type=\"text\/javascript\">\n\/* <![CDATA[ *\/\n\/*! This file is auto-generated *\/\n!function(d,l){\"use strict\";l.querySelector&&d.addEventListener&&\"undefined\"!=typeof URL&&(d.wp=d.wp||{},d.wp.receiveEmbedMessage||(d.wp.receiveEmbedMessage=function(e){var t=e.data;if((t||t.secret||t.message||t.value)&&!\/[^a-zA-Z0-9]\/.test(t.secret)){for(var s,r,n,a=l.querySelectorAll('iframe[data-secret=\"'+t.secret+'\"]'),o=l.querySelectorAll('blockquote[data-secret=\"'+t.secret+'\"]'),c=new RegExp(\"^https?:$\",\"i\"),i=0;i<o.length;i++)o[i].style.display=\"none\";for(i=0;i<a.length;i++)s=a[i],e.source===s.contentWindow&&(s.removeAttribute(\"style\"),\"height\"===t.message?(1e3<(r=parseInt(t.value,10))?r=1e3:~~r<200&&(r=200),s.height=r):\"link\"===t.message&&(r=new URL(s.getAttribute(\"src\")),n=new URL(t.value),c.test(n.protocol))&&n.host===r.host&&l.activeElement===s&&(d.top.location.href=t.value))}},d.addEventListener(\"message\",d.wp.receiveEmbedMessage,!1),l.addEventListener(\"DOMContentLoaded\",function(){for(var e,t,s=l.querySelectorAll(\"iframe.wp-embedded-content\"),r=0;r<s.length;r++)(t=(e=s[r]).getAttribute(\"data-secret\"))||(t=Math.random().toString(36).substring(2,12),e.src+=\"#?secret=\"+t,e.setAttribute(\"data-secret\",t)),e.contentWindow.postMessage({message:\"ready\",secret:t},\"*\")},!1)))}(window,document);\n\/\/# sourceURL=https:\/\/dokdoc.eu\/wp-includes\/js\/wp-embed.min.js\n\/* ]]> *\/\n<\/script>\n","thumbnail_url":"https:\/\/dokdoc.eu\/wp-content\/uploads\/2024\/05\/1_imago0198186134m.jpg","thumbnail_width":1000,"thumbnail_height":667,"description":"Quiconque s\u2019int\u00e9resse de pr\u00e8s ou de loin aux relations franco-allemandes a certainement souvent secou\u00e9 au cours des derniers mois. La mani\u00e8re dont on parle du voisin au plus haut niveau politique, mais aussi dans les d\u00e9bats publics, ne fait pas honneur \u00e0 la cause europ\u00e9enne. Tr\u00e8s souvent, Fran\u00e7ais et Allemands n\u2019ont plus qu\u2019une vision caricaturale [&hellip;]"}

Les relations franco-allemandes méritent mieux que cela ! - dokdoc.eu

<blockquote class="wp-embedded-content" data-secret="HNYr0PW84l"><a href="https://dokdoc.eu/fr/2024/05/14/les-relations-franco-allemandes-meritent-mieux-que-cela/">Les relations franco-allemandes méritent mieux que cela !</a></blockquote><iframe sandbox="allow-scripts" security="restricted" src="https://dokdoc.eu/fr/2024/05/14/les-relations-franco-allemandes-meritent-mieux-que-cela/embed/#?secret=HNYr0PW84l" width="600" height="338" title="« Les relations franco-allemandes méritent mieux que cela ! » &#8212; dokdoc.eu" data-secret="HNYr0PW84l" frameborder="0" marginwidth="0" marginheight="0" scrolling="no" class="wp-embedded-content"></iframe><script type="text/javascript">
/* <![CDATA[ */
/*! This file is auto-generated */
!function(d,l){"use strict";l.querySelector&&d.addEventListener&&"undefined"!=typeof URL&&(d.wp=d.wp||{},d.wp.receiveEmbedMessage||(d.wp.receiveEmbedMessage=function(e){var t=e.data;if((t||t.secret||t.message||t.value)&&!/[^a-zA-Z0-9]/.test(t.secret)){for(var s,r,n,a=l.querySelectorAll('iframe[data-secret="'+t.secret+'"]'),o=l.querySelectorAll('blockquote[data-secret="'+t.secret+'"]'),c=new RegExp("^https?:$","i"),i=0;i<o.length;i++)o[i].style.display="none";for(i=0;i<a.length;i++)s=a[i],e.source===s.contentWindow&&(s.removeAttribute("style"),"height"===t.message?(1e3<(r=parseInt(t.value,10))?r=1e3:~~r<200&&(r=200),s.height=r):"link"===t.message&&(r=new URL(s.getAttribute("src")),n=new URL(t.value),c.test(n.protocol))&&n.host===r.host&&l.activeElement===s&&(d.top.location.href=t.value))}},d.addEventListener("message",d.wp.receiveEmbedMessage,!1),l.addEventListener("DOMContentLoaded",function(){for(var e,t,s=l.querySelectorAll("iframe.wp-embedded-content"),r=0;r<s.length;r++)(t=(e=s[r]).getAttribute("data-secret"))||(t=Math.random().toString(36).substring(2,12),e.src+="#?secret="+t,e.setAttribute("data-secret",t)),e.contentWindow.postMessage({message:"ready",secret:t},"*")},!1)))}(window,document);
//# sourceURL=https://dokdoc.eu/wp-includes/js/wp-embed.min.js
/* ]]> */
</script>

Quiconque s’intéresse de près ou de loin aux relations franco-allemandes a certainement souvent secoué au cours des derniers mois. La manière dont on parle du voisin au plus haut niveau politique, mais aussi dans les débats publics, ne fait pas honneur à la cause européenne. Très souvent, Français et Allemands n’ont plus qu’une vision caricaturale [&hellip;]
