{"version":"1.0","provider_name":"dokdoc.eu","provider_url":"https:\/\/dokdoc.eu\/fr\/","author_name":"RochowMedienagentur","author_url":"https:\/\/dokdoc.eu\/fr\/author\/rochowmedienagentur\/","title":"Plus d\u2019Europe plut\u00f4t qu\u2019une nouvelle voie particuli\u00e8re - dokdoc.eu","type":"rich","width":600,"height":338,"html":"<blockquote class=\"wp-embedded-content\" data-secret=\"LWw0hYWx8c\"><a href=\"https:\/\/dokdoc.eu\/fr\/2025\/01\/28\/plus-deurope-plutot-quune-nouvelle-voie-particuliere\/\">Plus d\u2019Europe plut\u00f4t qu\u2019une nouvelle voie particuli\u00e8re<\/a><\/blockquote><iframe sandbox=\"allow-scripts\" security=\"restricted\" src=\"https:\/\/dokdoc.eu\/fr\/2025\/01\/28\/plus-deurope-plutot-quune-nouvelle-voie-particuliere\/embed\/#?secret=LWw0hYWx8c\" width=\"600\" height=\"338\" title=\"\u00ab\u00a0Plus d\u2019Europe plut\u00f4t qu\u2019une nouvelle voie particuli\u00e8re\u00a0\u00bb &#8212; dokdoc.eu\" data-secret=\"LWw0hYWx8c\" frameborder=\"0\" marginwidth=\"0\" marginheight=\"0\" scrolling=\"no\" class=\"wp-embedded-content\"><\/iframe><script type=\"text\/javascript\">\n\/* <![CDATA[ *\/\n\/*! This file is auto-generated *\/\n!function(d,l){\"use strict\";l.querySelector&&d.addEventListener&&\"undefined\"!=typeof URL&&(d.wp=d.wp||{},d.wp.receiveEmbedMessage||(d.wp.receiveEmbedMessage=function(e){var t=e.data;if((t||t.secret||t.message||t.value)&&!\/[^a-zA-Z0-9]\/.test(t.secret)){for(var s,r,n,a=l.querySelectorAll('iframe[data-secret=\"'+t.secret+'\"]'),o=l.querySelectorAll('blockquote[data-secret=\"'+t.secret+'\"]'),c=new RegExp(\"^https?:$\",\"i\"),i=0;i<o.length;i++)o[i].style.display=\"none\";for(i=0;i<a.length;i++)s=a[i],e.source===s.contentWindow&&(s.removeAttribute(\"style\"),\"height\"===t.message?(1e3<(r=parseInt(t.value,10))?r=1e3:~~r<200&&(r=200),s.height=r):\"link\"===t.message&&(r=new URL(s.getAttribute(\"src\")),n=new URL(t.value),c.test(n.protocol))&&n.host===r.host&&l.activeElement===s&&(d.top.location.href=t.value))}},d.addEventListener(\"message\",d.wp.receiveEmbedMessage,!1),l.addEventListener(\"DOMContentLoaded\",function(){for(var e,t,s=l.querySelectorAll(\"iframe.wp-embedded-content\"),r=0;r<s.length;r++)(t=(e=s[r]).getAttribute(\"data-secret\"))||(t=Math.random().toString(36).substring(2,12),e.src+=\"#?secret=\"+t,e.setAttribute(\"data-secret\",t)),e.contentWindow.postMessage({message:\"ready\",secret:t},\"*\")},!1)))}(window,document);\n\/\/# sourceURL=https:\/\/dokdoc.eu\/wp-includes\/js\/wp-embed.min.js\n\/* ]]> *\/\n<\/script>\n","thumbnail_url":"https:\/\/dokdoc.eu\/wp-content\/uploads\/2025\/01\/1_\u00a9-European-Union-2023-Source-EP_-29062023-scaled.jpg","thumbnail_width":2560,"thumbnail_height":1704,"description":"\u00ab\u00a0Zeitenwende\u00a0\u00bb \u2013 pr\u00e8s de trois ans apr\u00e8s le discours d\u2019Olaf Scholz au Bundestag, tout le monde semble savoir de quoi il s\u2019agit. Mais la dimension europ\u00e9enne \u2013 qui devrait \u00eatre un \u00e9l\u00e9ment fondamental du changement de paradigme voulu par le chancelier \u2013 reste toutefois la grande absente."}

Plus d’Europe plutôt qu’une nouvelle voie particulière - dokdoc.eu

<blockquote class="wp-embedded-content" data-secret="LWw0hYWx8c"><a href="https://dokdoc.eu/fr/2025/01/28/plus-deurope-plutot-quune-nouvelle-voie-particuliere/">Plus d’Europe plutôt qu’une nouvelle voie particulière</a></blockquote><iframe sandbox="allow-scripts" security="restricted" src="https://dokdoc.eu/fr/2025/01/28/plus-deurope-plutot-quune-nouvelle-voie-particuliere/embed/#?secret=LWw0hYWx8c" width="600" height="338" title="« Plus d’Europe plutôt qu’une nouvelle voie particulière » &#8212; dokdoc.eu" data-secret="LWw0hYWx8c" frameborder="0" marginwidth="0" marginheight="0" scrolling="no" class="wp-embedded-content"></iframe><script type="text/javascript">
/* <![CDATA[ */
/*! This file is auto-generated */
!function(d,l){"use strict";l.querySelector&&d.addEventListener&&"undefined"!=typeof URL&&(d.wp=d.wp||{},d.wp.receiveEmbedMessage||(d.wp.receiveEmbedMessage=function(e){var t=e.data;if((t||t.secret||t.message||t.value)&&!/[^a-zA-Z0-9]/.test(t.secret)){for(var s,r,n,a=l.querySelectorAll('iframe[data-secret="'+t.secret+'"]'),o=l.querySelectorAll('blockquote[data-secret="'+t.secret+'"]'),c=new RegExp("^https?:$","i"),i=0;i<o.length;i++)o[i].style.display="none";for(i=0;i<a.length;i++)s=a[i],e.source===s.contentWindow&&(s.removeAttribute("style"),"height"===t.message?(1e3<(r=parseInt(t.value,10))?r=1e3:~~r<200&&(r=200),s.height=r):"link"===t.message&&(r=new URL(s.getAttribute("src")),n=new URL(t.value),c.test(n.protocol))&&n.host===r.host&&l.activeElement===s&&(d.top.location.href=t.value))}},d.addEventListener("message",d.wp.receiveEmbedMessage,!1),l.addEventListener("DOMContentLoaded",function(){for(var e,t,s=l.querySelectorAll("iframe.wp-embedded-content"),r=0;r<s.length;r++)(t=(e=s[r]).getAttribute("data-secret"))||(t=Math.random().toString(36).substring(2,12),e.src+="#?secret="+t,e.setAttribute("data-secret",t)),e.contentWindow.postMessage({message:"ready",secret:t},"*")},!1)))}(window,document);
//# sourceURL=https://dokdoc.eu/wp-includes/js/wp-embed.min.js
/* ]]> */
</script>

« Zeitenwende » – près de trois ans après le discours d’Olaf Scholz au Bundestag, tout le monde semble savoir de quoi il s’agit. Mais la dimension européenne – qui devrait être un élément fondamental du changement de paradigme voulu par le chancelier – reste toutefois la grande absente.
