{"version":"1.0","provider_name":"dokdoc.eu","provider_url":"https:\/\/dokdoc.eu\/fr\/","author_name":"RochowMedienagentur","author_url":"https:\/\/dokdoc.eu\/fr\/author\/rochowmedienagentur\/","title":"\u00ab Le \u2018mod\u00e8le M\u00e9lenchon\u2019 ne fonctionne pas en Allemagne \u00bb - dokdoc.eu","type":"rich","width":600,"height":338,"html":"<blockquote class=\"wp-embedded-content\" data-secret=\"q4ngNWIO15\"><a href=\"https:\/\/dokdoc.eu\/fr\/2025\/03\/27\/le-modele-melenchon-ne-fonctionne-pas-en-allemagne\/\">\u00ab Le \u2018mod\u00e8le M\u00e9lenchon\u2019 ne fonctionne pas en Allemagne \u00bb<\/a><\/blockquote><iframe sandbox=\"allow-scripts\" security=\"restricted\" src=\"https:\/\/dokdoc.eu\/fr\/2025\/03\/27\/le-modele-melenchon-ne-fonctionne-pas-en-allemagne\/embed\/#?secret=q4ngNWIO15\" width=\"600\" height=\"338\" title=\"\u00ab\u00a0\u00ab Le \u2018mod\u00e8le M\u00e9lenchon\u2019 ne fonctionne pas en Allemagne \u00bb\u00a0\u00bb &#8212; dokdoc.eu\" data-secret=\"q4ngNWIO15\" frameborder=\"0\" marginwidth=\"0\" marginheight=\"0\" scrolling=\"no\" class=\"wp-embedded-content\"><\/iframe><script type=\"text\/javascript\">\n\/* <![CDATA[ *\/\n\/*! This file is auto-generated *\/\n!function(d,l){\"use strict\";l.querySelector&&d.addEventListener&&\"undefined\"!=typeof URL&&(d.wp=d.wp||{},d.wp.receiveEmbedMessage||(d.wp.receiveEmbedMessage=function(e){var t=e.data;if((t||t.secret||t.message||t.value)&&!\/[^a-zA-Z0-9]\/.test(t.secret)){for(var s,r,n,a=l.querySelectorAll('iframe[data-secret=\"'+t.secret+'\"]'),o=l.querySelectorAll('blockquote[data-secret=\"'+t.secret+'\"]'),c=new RegExp(\"^https?:$\",\"i\"),i=0;i<o.length;i++)o[i].style.display=\"none\";for(i=0;i<a.length;i++)s=a[i],e.source===s.contentWindow&&(s.removeAttribute(\"style\"),\"height\"===t.message?(1e3<(r=parseInt(t.value,10))?r=1e3:~~r<200&&(r=200),s.height=r):\"link\"===t.message&&(r=new URL(s.getAttribute(\"src\")),n=new URL(t.value),c.test(n.protocol))&&n.host===r.host&&l.activeElement===s&&(d.top.location.href=t.value))}},d.addEventListener(\"message\",d.wp.receiveEmbedMessage,!1),l.addEventListener(\"DOMContentLoaded\",function(){for(var e,t,s=l.querySelectorAll(\"iframe.wp-embedded-content\"),r=0;r<s.length;r++)(t=(e=s[r]).getAttribute(\"data-secret\"))||(t=Math.random().toString(36).substring(2,12),e.src+=\"#?secret=\"+t,e.setAttribute(\"data-secret\",t)),e.contentWindow.postMessage({message:\"ready\",secret:t},\"*\")},!1)))}(window,document);\n\/\/# sourceURL=https:\/\/dokdoc.eu\/wp-includes\/js\/wp-embed.min.js\n\/* ]]> *\/\n<\/script>\n","thumbnail_url":"https:\/\/dokdoc.eu\/wp-content\/uploads\/2025\/03\/1_Wahlkampf-Endspurt_im_Kosmos_Berlin_-_54342533515_21-February-2025-.jpg","thumbnail_width":1200,"thumbnail_height":800,"description":"Johannes Kuhn a suivi la campagne \u00e9lectorale de Die Linke lors des derni\u00e8res \u00e9lections f\u00e9d\u00e9rales. Avec lui, nous sommes revenus sur le succ\u00e8s inattendu du parti ainsi que sur ses points communs et diff\u00e9rences avec La France Insoumise.\u00a0"}

« Le ‘modèle Mélenchon’ ne fonctionne pas en Allemagne » - dokdoc.eu

<blockquote class="wp-embedded-content" data-secret="q4ngNWIO15"><a href="https://dokdoc.eu/fr/2025/03/27/le-modele-melenchon-ne-fonctionne-pas-en-allemagne/">« Le ‘modèle Mélenchon’ ne fonctionne pas en Allemagne »</a></blockquote><iframe sandbox="allow-scripts" security="restricted" src="https://dokdoc.eu/fr/2025/03/27/le-modele-melenchon-ne-fonctionne-pas-en-allemagne/embed/#?secret=q4ngNWIO15" width="600" height="338" title="« « Le ‘modèle Mélenchon’ ne fonctionne pas en Allemagne » » &#8212; dokdoc.eu" data-secret="q4ngNWIO15" frameborder="0" marginwidth="0" marginheight="0" scrolling="no" class="wp-embedded-content"></iframe><script type="text/javascript">
/* <![CDATA[ */
/*! This file is auto-generated */
!function(d,l){"use strict";l.querySelector&&d.addEventListener&&"undefined"!=typeof URL&&(d.wp=d.wp||{},d.wp.receiveEmbedMessage||(d.wp.receiveEmbedMessage=function(e){var t=e.data;if((t||t.secret||t.message||t.value)&&!/[^a-zA-Z0-9]/.test(t.secret)){for(var s,r,n,a=l.querySelectorAll('iframe[data-secret="'+t.secret+'"]'),o=l.querySelectorAll('blockquote[data-secret="'+t.secret+'"]'),c=new RegExp("^https?:$","i"),i=0;i<o.length;i++)o[i].style.display="none";for(i=0;i<a.length;i++)s=a[i],e.source===s.contentWindow&&(s.removeAttribute("style"),"height"===t.message?(1e3<(r=parseInt(t.value,10))?r=1e3:~~r<200&&(r=200),s.height=r):"link"===t.message&&(r=new URL(s.getAttribute("src")),n=new URL(t.value),c.test(n.protocol))&&n.host===r.host&&l.activeElement===s&&(d.top.location.href=t.value))}},d.addEventListener("message",d.wp.receiveEmbedMessage,!1),l.addEventListener("DOMContentLoaded",function(){for(var e,t,s=l.querySelectorAll("iframe.wp-embedded-content"),r=0;r<s.length;r++)(t=(e=s[r]).getAttribute("data-secret"))||(t=Math.random().toString(36).substring(2,12),e.src+="#?secret="+t,e.setAttribute("data-secret",t)),e.contentWindow.postMessage({message:"ready",secret:t},"*")},!1)))}(window,document);
//# sourceURL=https://dokdoc.eu/wp-includes/js/wp-embed.min.js
/* ]]> */
</script>

Johannes Kuhn a suivi la campagne électorale de Die Linke lors des dernières élections fédérales. Avec lui, nous sommes revenus sur le succès inattendu du parti ainsi que sur ses points communs et différences avec La France Insoumise.
